{"id":6,"date":"2020-03-27T09:08:07","date_gmt":"2020-03-27T08:08:07","guid":{"rendered":"http:\/\/www2.okanz.at\/?page_id=6"},"modified":"2020-06-19T10:07:55","modified_gmt":"2020-06-19T08:07:55","slug":"person","status":"publish","type":"page","link":"https:\/\/www.okanz.at\/?page_id=6","title":{"rendered":"zur Person"},"content":{"rendered":"\n<h2 class=\"wp-block-heading\">Otto Kanzler<\/h2>\n\n\n\n<div class=\"wp-block-image\"><figure class=\"alignleft size-medium is-resized\"><img decoding=\"async\" src=\"http:\/\/www2.okanz.at\/wp-content\/uploads\/2020\/03\/Otto_Kanzler-1-218x300.jpg\" alt=\"\" class=\"wp-image-96\" width=\"169\" srcset=\"https:\/\/www.okanz.at\/wp-content\/uploads\/2020\/03\/Otto_Kanzler-1-218x300.jpg 218w, https:\/\/www.okanz.at\/wp-content\/uploads\/2020\/03\/Otto_Kanzler-1.jpg 435w\" sizes=\"(max-width: 218px) 100vw, 218px\" \/><\/figure><\/div>\n\n\n\n<p>Otto Kanzler, Gesch\u00e4ftsf\u00fchrer, hat mehr als 30  Jahre Erfahrung im  Bereich Prozess- und Business Development in der  globalen  Biotech-Industrie. Seit 2007 ist er als Unternehmensberater f\u00fcr   Produktion und Technologie-Entwickung f\u00fcr die Biotech- und   Pharma-Industrie, spezialisiert f\u00fcr strategische und finanzielle   Fragestellungen, t\u00e4tig. Zwischen 1993 und 2007 war er als Leiter der   Abteilung Planung und Koordination, bei Boehringer Ingelheim Austria,   verantwortlich f\u00fcr wirtschaftliche Angelegenheiten des Bereiches   Industrial Biopharmaceuticals. Davor war er Leiter des Teams der   Entwicklung f\u00fcr biopharmazeutische Prozesse bei Boehringer Ingelheim   Austria (1981-1993).<br><br>Otto Kanzler is ebenso CEO und co-founder von Evercyte GmbH (<a rel=\"noreferrer noopener\" href=\"http:\/\/www.evercyte.com\" target=\"_blank\">www.evercyte.com<\/a>), sowie CEO und founder von Chorus GmbH (<a rel=\"noreferrer noopener\" href=\"http:\/\/www.chorus.co.at\" target=\"_blank\">www.chorus.co.at<\/a>), CFO und co-founder von TAmiRNA GmbH (<a rel=\"noreferrer noopener\" href=\"http:\/\/www.tamirna.com\" target=\"_blank\">www.tamirna.com<\/a>) sowie CFO und co-founder von Synconium Lactic Acid GmbH (<a rel=\"noreferrer noopener\" href=\"http:\/\/www.syconiumlacticacid.com\/\" target=\"_blank\">www.synconiumlacticacid.com<\/a>) allesamt \u00f6sterreichische Biotech-Unternehmen.  <\/p>\n\n\n\n<p>Seit Juli 2014: Prokurist und Mitbegr\u00fcnder der  \nSynconium Lactic Acid GmbH, einem Biotech-Unternehmen, das sich mit der \n Entwicklung eine neuen, kosteng\u00fcnstigen Herstellungsverfahrens f\u00fcr  \nMilchs\u00e4ure besch\u00e4ftigt (<a href=\"http:\/\/www.syconiumlacticacid.com\/\" target=\"_blank\" rel=\"noreferrer noopener\">www.synconiumlacticacid.com<\/a>). \n<\/p>\n\n\n\n<p>Seit Februar 2014: Mitbegr\u00fcnder der Transform  \nScience Management und Beteiligungs GmbH, einem Beratungsunternehmen im \n Bereich Biotech und Pharma (<a href=\"http:\/\/www.transform-science.com\" target=\"_blank\" rel=\"noreferrer noopener\">www.transform-science.com<\/a>). \n<\/p>\n\n\n\n<p>Seit Dezember 2013: Prokurist und Mitbegr\u00fcnder  von \nTAmiRNA GmbH, dem Forschungsunternehmen, das sich mit der  Entwicklung \nvon Diagnostika und Therapeutika auf der Basis von microRNAs  bei \nalterns-assoziierten Erkrankungen besch\u00e4ftigt (<a href=\"http:\/\/www.tamirna.com\" target=\"_blank\" rel=\"noreferrer noopener\">www.tamirna.com<\/a>). \n<\/p>\n\n\n<div class=\"su-spoiler su-spoiler-style-default su-spoiler-icon-plus su-spoiler-closed\" data-scroll-offset=\"0\" data-anchor-in-url=\"no\"><div class=\"su-spoiler-title\" tabindex=\"0\" role=\"button\"><span class=\"su-spoiler-icon\"><\/span>mehr \u00fcber Otto Kanzler<\/div><div class=\"su-spoiler-content su-u-clearfix su-u-trim\">Pers\u00f6nliche Daten<\/p>\n<p>Geburtsdatum: 3. November 1961<br \/>\nGeburtsort: Krems\/Donau, \u00d6sterreich<br \/>\nNationalit\u00e4t: \u00d6sterreich<br \/>\nProfessional Career<\/p>\n<p>Seit Februar 2011: Gesch\u00e4ftsf\u00fchrer und Gr\u00fcnder von Chorus GmbH, bietet \u201cCHO Research for UnderStanding\u201d an (www.chorus.co.at)<\/p>\n<p>Seit Mai 2010: Gesch\u00e4ftsf\u00fchrer und Mitbegr\u00fcnder von Evercyte GmbH, der \u201cpharmacocellomics\u2122\u201d- company (www.evercyte.com)<\/p>\n<p>Seit Juli 2007: Unabh\u00e4ngiger Unternehmensberater f\u00fcr Produktion und Technologie-Entwicklung f\u00fcr Biotech- und Pharma-Unternehmen, spezialisiert f\u00fcr strategische und \u00f6konomische Fragestellungen<\/p>\n<p>1993 \u2013 2007:<br \/>\nLeiter der Abteilung Planung und Koordination, sowie stellvertretender Leiter des Bereiches Industrial Biopharmaceuticals<br \/>\nBereich Industrial Biopharmaceuticals<br \/>\nBoehringer Ingelheim Austria<\/p>\n<p>Verantwortlichkeit:<br \/>\nPlanning und Koordination von<br \/>\n&#8211; Sales<br \/>\n&#8211; Kosten<br \/>\n&#8211; Ergebnis<br \/>\n&#8211; Investments<br \/>\n&#8211; Personal<br \/>\n&#8211; F\u00f6rderungen<br \/>\n&#8211; Strategie<br \/>\n&#8211; Management s\u00e4mtlicher Ressourcen (Facility, Personal, etc.) inklusive In- und Outsourcing<br \/>\n&#8211; Supply Chain Management<br \/>\n&#8211; Customer Relations<br \/>\n&#8211; Marketing Strategie<br \/>\n&#8211; Entwicklung von Gesch\u00e4ftsmodellen und Vertragsbedingungen<br \/>\n&#8211; Pricing<br \/>\n&#8211; Verhandlungen von Supply Agreements (third party agreements)<br \/>\n&#8211; Due diligences und Feasibility Studies<br \/>\n&#8211; Mitglied verschiedener Steuerungsorgane (steering committees)<br \/>\n&#8211; ERP-System<br \/>\n&#8211; Betriebsrats-Kommunikation<\/p>\n<p>1981 \u2013 1993:<br \/>\nLeiter des Teams Entwicklung f\u00fcr biopharmazeutische Prozesse<br \/>\nBereich Biopharmaceuticals<br \/>\nBoehringer Ingelheim Austria (vormals Bender &amp; CO, Vienna)<br \/>\nVerantwortlichkeit:<br \/>\n&#8211; Entwicklung von mikrobiellen und mammalian Fermentationsprozessen<br \/>\n&#8211; Entwicklung von Downstream Prozessen von Proteinen, Peptiden und monoklonalen Antik\u00f6rpern inkl. Analytik<br \/>\n&#8211; Prozess-Engineering von Fermentations- und Downstream-Equipment<\/div><\/div>\n\n\n\n<h1 class=\"wp-block-heading\">Silvia Kanzler<\/h1>\n\n\n\n<p>Backoffice\n<\/p>\n\n\n\n<h1 class=\"wp-block-heading\">Maximilian Kanzler<\/h1>\n\n\n\n<p>Internetrecherche und Datenmanagement<\/p>\n","protected":false},"excerpt":{"rendered":"<p>Otto Kanzler Otto Kanzler, Gesch\u00e4ftsf\u00fchrer, hat mehr als 30 Jahre Erfahrung im Bereich Prozess- und Business Development in der globalen Biotech-Industrie. Seit 2007 ist er als Unternehmensberater f\u00fcr Produktion und Technologie-Entwickung f\u00fcr die Biotech- und Pharma-Industrie, spezialisiert f\u00fcr strategische und finanzielle Fragestellungen, t\u00e4tig. Zwischen 1993 und 2007 war er als Leiter der Abteilung Planung und<\/p>\n<p class=\"more-link\"><a href=\"https:\/\/www.okanz.at\/?page_id=6\" class=\"themebutton\">Read More<\/a><\/p>\n","protected":false},"author":1,"featured_media":0,"parent":0,"menu_order":0,"comment_status":"closed","ping_status":"closed","template":"","meta":{"footnotes":""},"class_list":["post-6","page","type-page","status-publish","hentry"],"_links":{"self":[{"href":"https:\/\/www.okanz.at\/index.php?rest_route=\/wp\/v2\/pages\/6","targetHints":{"allow":["GET"]}}],"collection":[{"href":"https:\/\/www.okanz.at\/index.php?rest_route=\/wp\/v2\/pages"}],"about":[{"href":"https:\/\/www.okanz.at\/index.php?rest_route=\/wp\/v2\/types\/page"}],"author":[{"embeddable":true,"href":"https:\/\/www.okanz.at\/index.php?rest_route=\/wp\/v2\/users\/1"}],"replies":[{"embeddable":true,"href":"https:\/\/www.okanz.at\/index.php?rest_route=%2Fwp%2Fv2%2Fcomments&post=6"}],"version-history":[{"count":13,"href":"https:\/\/www.okanz.at\/index.php?rest_route=\/wp\/v2\/pages\/6\/revisions"}],"predecessor-version":[{"id":157,"href":"https:\/\/www.okanz.at\/index.php?rest_route=\/wp\/v2\/pages\/6\/revisions\/157"}],"wp:attachment":[{"href":"https:\/\/www.okanz.at\/index.php?rest_route=%2Fwp%2Fv2%2Fmedia&parent=6"}],"curies":[{"name":"wp","href":"https:\/\/api.w.org\/{rel}","templated":true}]}}

<h2 class="wp-block-heading">Otto Kanzler</h2>



<div class="wp-block-image"><figure class="alignleft size-medium is-resized"><img decoding="async" src="http://www2.okanz.at/wp-content/uploads/2020/03/Otto_Kanzler-1-218x300.jpg" alt="" class="wp-image-96" width="169" srcset="https://www.okanz.at/wp-content/uploads/2020/03/Otto_Kanzler-1-218x300.jpg 218w, https://www.okanz.at/wp-content/uploads/2020/03/Otto_Kanzler-1.jpg 435w" sizes="(max-width: 218px) 100vw, 218px" /></figure></div>



<p>Otto Kanzler, Geschäftsführer, hat mehr als 30  Jahre Erfahrung im  Bereich Prozess- und Business Development in der  globalen  Biotech-Industrie. Seit 2007 ist er als Unternehmensberater für   Produktion und Technologie-Entwickung für die Biotech- und   Pharma-Industrie, spezialisiert für strategische und finanzielle   Fragestellungen, tätig. Zwischen 1993 und 2007 war er als Leiter der   Abteilung Planung und Koordination, bei Boehringer Ingelheim Austria,   verantwortlich für wirtschaftliche Angelegenheiten des Bereiches   Industrial Biopharmaceuticals. Davor war er Leiter des Teams der   Entwicklung für biopharmazeutische Prozesse bei Boehringer Ingelheim   Austria (1981-1993).<br><br>Otto Kanzler is ebenso CEO und co-founder von Evercyte GmbH (<a rel="noreferrer noopener" href="http://www.evercyte.com" target="_blank">www.evercyte.com</a>), sowie CEO und founder von Chorus GmbH (<a rel="noreferrer noopener" href="http://www.chorus.co.at" target="_blank">www.chorus.co.at</a>), CFO und co-founder von TAmiRNA GmbH (<a rel="noreferrer noopener" href="http://www.tamirna.com" target="_blank">www.tamirna.com</a>) sowie CFO und co-founder von Synconium Lactic Acid GmbH (<a rel="noreferrer noopener" href="http://www.syconiumlacticacid.com/" target="_blank">www.synconiumlacticacid.com</a>) allesamt österreichische Biotech-Unternehmen.  </p>



<p>Seit Juli 2014: Prokurist und Mitbegründer der  
Synconium Lactic Acid GmbH, einem Biotech-Unternehmen, das sich mit der 
 Entwicklung eine neuen, kostengünstigen Herstellungsverfahrens für  
Milchsäure beschäftigt (<a href="http://www.syconiumlacticacid.com/" target="_blank" rel="noreferrer noopener">www.synconiumlacticacid.com</a>). 
</p>



<p>Seit Februar 2014: Mitbegründer der Transform  
Science Management und Beteiligungs GmbH, einem Beratungsunternehmen im 
 Bereich Biotech und Pharma (<a href="http://www.transform-science.com" target="_blank" rel="noreferrer noopener">www.transform-science.com</a>). 
</p>



<p>Seit Dezember 2013: Prokurist und Mitbegründer  von 
TAmiRNA GmbH, dem Forschungsunternehmen, das sich mit der  Entwicklung 
von Diagnostika und Therapeutika auf der Basis von microRNAs  bei 
alterns-assoziierten Erkrankungen beschäftigt (<a href="http://www.tamirna.com" target="_blank" rel="noreferrer noopener">www.tamirna.com</a>). 
</p>


<div class="su-spoiler su-spoiler-style-default su-spoiler-icon-plus su-spoiler-closed" data-scroll-offset="0" data-anchor-in-url="no"><div class="su-spoiler-title" tabindex="0" role="button"><span class="su-spoiler-icon"></span>mehr über Otto Kanzler</div><div class="su-spoiler-content su-u-clearfix su-u-trim">Persönliche Daten</p>
<p>Geburtsdatum: 3. November 1961<br />
Geburtsort: Krems/Donau, Österreich<br />
Nationalität: Österreich<br />
Professional Career</p>
<p>Seit Februar 2011: Geschäftsführer und Gründer von Chorus GmbH, bietet “CHO Research for UnderStanding” an (www.chorus.co.at)</p>
<p>Seit Mai 2010: Geschäftsführer und Mitbegründer von Evercyte GmbH, der “pharmacocellomics™”- company (www.evercyte.com)</p>
<p>Seit Juli 2007: Unabhängiger Unternehmensberater für Produktion und Technologie-Entwicklung für Biotech- und Pharma-Unternehmen, spezialisiert für strategische und ökonomische Fragestellungen</p>
<p>1993 – 2007:<br />
Leiter der Abteilung Planung und Koordination, sowie stellvertretender Leiter des Bereiches Industrial Biopharmaceuticals<br />
Bereich Industrial Biopharmaceuticals<br />
Boehringer Ingelheim Austria</p>
<p>Verantwortlichkeit:<br />
Planning und Koordination von<br />
&#8211; Sales<br />
&#8211; Kosten<br />
&#8211; Ergebnis<br />
&#8211; Investments<br />
&#8211; Personal<br />
&#8211; Förderungen<br />
&#8211; Strategie<br />
&#8211; Management sämtlicher Ressourcen (Facility, Personal, etc.) inklusive In- und Outsourcing<br />
&#8211; Supply Chain Management<br />
&#8211; Customer Relations<br />
&#8211; Marketing Strategie<br />
&#8211; Entwicklung von Geschäftsmodellen und Vertragsbedingungen<br />
&#8211; Pricing<br />
&#8211; Verhandlungen von Supply Agreements (third party agreements)<br />
&#8211; Due diligences und Feasibility Studies<br />
&#8211; Mitglied verschiedener Steuerungsorgane (steering committees)<br />
&#8211; ERP-System<br />
&#8211; Betriebsrats-Kommunikation</p>
<p>1981 – 1993:<br />
Leiter des Teams Entwicklung für biopharmazeutische Prozesse<br />
Bereich Biopharmaceuticals<br />
Boehringer Ingelheim Austria (vormals Bender &amp; CO, Vienna)<br />
Verantwortlichkeit:<br />
&#8211; Entwicklung von mikrobiellen und mammalian Fermentationsprozessen<br />
&#8211; Entwicklung von Downstream Prozessen von Proteinen, Peptiden und monoklonalen Antikörpern inkl. Analytik<br />
&#8211; Prozess-Engineering von Fermentations- und Downstream-Equipment</div></div>



<h1 class="wp-block-heading">Silvia Kanzler</h1>



<p>Backoffice
</p>



<h1 class="wp-block-heading">Maximilian Kanzler</h1>



<p>Internetrecherche und Datenmanagement</p>

<p>Otto Kanzler Otto Kanzler, Geschäftsführer, hat mehr als 30 Jahre Erfahrung im Bereich Prozess- und Business Development in der globalen Biotech-Industrie. Seit 2007 ist er als Unternehmensberater für Produktion und Technologie-Entwickung für die Biotech- und Pharma-Industrie, spezialisiert für strategische und finanzielle Fragestellungen, tätig. Zwischen 1993 und 2007 war er als Leiter der Abteilung Planung und</p>
<p class="more-link"><a href="https://www.okanz.at/?page_id=6" class="themebutton">Read More</a></p>
